2 - 9*g - 9. Determine s(b).
-9
Let f(m) be the third derivative of 0*m + 32*m**2 - 1/12*m**4 + 1/20*m**5 + 1/120*m**6 + 0*m**3 + 0. Determine f(-4).
-8
Let d(o) = -o**2 - 4*o + 14. Let k be d(-6). Let s(f) = f - 22*f**k + 2*f - f + 23*f**2. Let q be s(-2). Let w(v) = v**3 + v**2 + 5. What is w(q)?
5
Let x(w) = -w**3 + 2*w**2 + 5*w + 2. Let l be (-16*2/12)/((-4)/(-6)). Let i be 3/2*(3 - 5). Let g be 1/(i/48*l). Determine x(g).
-10
Let d be -1*1/(((-2)/22)/(-1)). Let b(y) = -y**3 - 14*y**2 - 32*y + 1. Calculate b(d).
-10
Suppose 257*a - 5 = -g + 253*a, -g = 2*a - 9. Let l(y) = -y - 27. Give l(g).
-40
Suppose 5*d = 4 + 6. Suppose 4*z - 316 = -4*h - 0*z, d*z - 242 = -3*h. Let j(u) = 7*u**3 - 1 - 84*u + u**2 + h*u. Determine j(1).
7
Suppose 632*p - 616*p = -64. Let n(s) be the first derivative of 2*s**3/3 + 2*s**2 - 87. What is n(p)?
16
Suppose -264 = 37*y - 4*y. Let i(j) = 11*j + 46. Calculate i(y).
-42
Let h be (-1185)/711 - (-35)/3. Let m(j) = -9 + 3*j + 3*j - j**2 + 5*j. What is m(h)?
1
Let g(s) = 6*s**2 - s + 2. Suppose -25*y + 31*y - 444 = 0. Suppose y*i = 77*i - 3. Determine g(i).
7
Let s(a) = -298*a**2 - 9*a + 26. Let j(h) = -105*h**2 - 3*h + 9. Let d(l) = 17*j(l) - 6*s(l). Determine d(-4).
33
Let w(z) = 26*z**3 - 13*z**2 - 2*z + 1. Let m(v) = -10*v**3 + 7*v**2 + v - 1. Let a(h) = -5*m(h) - 2*w(h). Give a(-4).
-9
Let s(h) be the third derivative of -h**5/15 - 53*h**4/24 - 2*h**3 + 70*h**2 - 3*h. Calculate s(-13).
1
Let k(j) = 7*j**3 - 32*j**2 - 8*j - 20. Let v(g) = 9*g**3 - 37*g**2 - 9*g - 19. Let s(m) = 5*k(m) - 4*v(m). What is s(-12)?
24
Let t(z) = -14*z**2 - 7*z - 9. Let r(g) = -7*g**2 - 3*g - 4. Let v(f) = 5*r(f) - 2*t(f). Let k = 1197 - 1198. What is v(k)?
-8
Let o(b) = b**3 - 1 + 2*b - 3*b**2 - 2 + 7 - 2. Suppose -10*g = -15*g + 10. Determine o(g).
2
Let x(j) = -j + 3. Let n(g) = g**3 - 13*g**2 + 10*g + 28. Let q be n(12). Suppose q*s + 32 = 8*s + 4*o, 0 = -s - 4*o + 11. Determine x(s).
-4
Let m(j) = -5*j + 29*j + 6 - 20 + 19 + j**2 + 0. Calculate m(-22).
-39
Let m(f) = -28*f**2 + 36*f**2 - 23 + 22. Suppose 4*j + 5*w - 36 + 32 = 0, -j = 3*w - 1. Calculate m(j).
7
Let h be 15960/(-2090) + 4/(-11). Let q(o) = -o**3 - 7*o**2 + 8*o + 12. Give q(h).
12
Let w(y) = y**2 + y + 1. Let g(o) = 0*o - o + 114 - 57 - 58. Let n(r) = 5*g(r) + 2*w(r). Suppose -5*m - 3*b - 22 = 0, -26 = -4*m + 9*m + 4*b. Calculate n(m).
11
Let w(l) = -2*l + l**2 - 2*l + 5*l + l. Suppose -2*p - 140 = 8*p. Let n = -17 - p. Give w(n).
3
Suppose -4*h - 4*h = -5*h - 5*h. Let q(x) be the third derivative of -1/20*x**5 + 1/6*x**3 + 0 - 1/4*x**4 + h*x + 9*x**2 + 1/120*x**6. Calculate q(4).
-7
Let o(k) = 12*k - 12. Suppose 0 = -6*p + f + 68, -51 = 139*p - 144*p - 2*f. Give o(p).
120
Suppose 5*o - 37 - 10 = -4*g, 5*o + 5*g - 45 = 0. Let f(k) = 7*k - 92. Determine f(o).
-15
Let m = -144 - -157. Let d(g) = 6*g - 3*g + g - m. Let s be d(5). Let p(v) = v**3 - 8*v**2 + 6*v + 1. Calculate p(s).
-6
Let r = -460 - -502. Let n(p) = r - 16 - 18 + p. What is n(7)?
15
Let d(z) = z**3 - 9*z**2 - 16*z + 2. Suppose 425*u = 333*u + 1012. What is d(u)?
68
Let h be (-5)/(-18)*26 - 4/18. Suppose -h*l = -2*l - 10. Let k(f) = -f - 8*f + l + 8 + 8*f**2 + f**2 - f**3. Give k(8).
2
Let q(m) = m**2 - 85*m - 645. Let c be q(-7). Let i(s) = 2*s + 3. Give i(c).
1
Let f be (8/(-40))/(2/50) + 10. Let q(h) = h**2 - 9*h + 11. Calculate q(f).
-9
Let c be ((-388)/40 - 0) + 48/(-160). Let y(j) = -j**3 - 9*j**2 + 8*j - 18. Calculate y(c).
2
Let t(j) = -14*j + 406 - 141 - 135 - 107. What is t(0)?
23
Suppose 10*h + 8*h - 2822544 = 0. Let l(g) = -156808 + h - g**2 - 2*g. Calculate l(-4).
-8
Suppose 0 = -3*p - 2*z + 12, -5*z + 1 = -3*p - 8. Let m(q) = -2*q**3 + 4*q - 4. Let y be m(p). Let g(r) = -r + 3. Calculate g(y).
15
Suppose 0*u - 13*u - 226 = -96. Let p(m) = -4*m + 19. Calculate p(u).
59
Suppose 0 = -m + 141 - 39. Suppose -m*d + 2 = -101*d. Suppose 2*n = -3*p - 15, -5*n + 3*n = d*p + 10. Let i(j) = -j**2 - 6*j + 1. Give i(p).
6
Let i = -84 + 87. Let n(r) = -19*r + 23*r - 2 + 1. What is n(i)?
11
Suppose -4*k + 0*k - 3*d = -162, 2*k = 2*d + 88. Let h(l) = k - l + 34 - 72. Give h(8).
-4
Suppose 2*g + 8 = -3*z, -4*g = -5*z - 3*g + 4. Suppose z = -2*y - 5*y + 350. Let t = y + -45. Let p(l) = -3*l + 7. Calculate p(t).
-8
Let x(u) = u**3 + 5*u**2 + 5*u - 4. Suppose 15 = -38*a + 37*a. Let d = 11 + a. Give x(d).
-8
Suppose 0 = -102*d + 113*d + 55. Suppose -3*s + p = -3*p - 22, 4*s = -2*p. Let u(w) = -w**3 - 5 + 6 - 2*w - 8*w**2 + s*w**2 + 4. Calculate u(d).
-10
Let y(c) be the first derivative of -1/2*c**2 + 5/6*c**3 - 21 + 21*c. Let b(t) be the first derivative of y(t). Determine b(-1).
-6
Let w(b) be the third derivative of 1/120*b**6 - 1/3*b**4 + 4*b + 0 + 2*b**2 - 1/12*b**5 + 4/3*b**3. What is w(6)?
-4
Let n(h) be the first derivative of -8/3*h**3 + 1/60*h**5 - 24 - 1/24*h**4 + 0*h**2 + 0*h. Let u(r) be the third derivative of n(r). What is u(-5)?
-11
Let j(s) be the first derivative of s**4/4 - 11*s**3/3 - s**2/2 + 29*s + 750. Calculate j(11).
18
Let o(w) = 3*w**2 + 64*w + 118. Let n(q) = -q**2 - 21*q - 39. Let s(y) = 13*n(y) + 4*o(y). Give s(-14).
7
Let w = -5504 + 5504. Let v(d) be the second derivative of 9/2*d**2 + w - 1/3*d**3 + 26*d. Calculate v(6).
-3
Let k(l) be the first derivative of 3*l**2/2 - 7*l - 764. Give k(10).
23
Let w(o) = -4*o**2 + 44*o + 34. Let n(p) = -p**2 + 14*p + 11. Let i(m) = 7*n(m) - 2*w(m). Calculate i(-3).
-12
Let h(u) = -3*u**2 - 4*u - 3. Suppose -3*w + 58 = 52. Suppose 3*b + 6 = -w*m + 4, -4*b + 2*m - 12 = 0. Calculate h(b).
-7
Let n = -63 + 64. Let f(c) = -n + 26*c - 65*c + 11*c. Give f(-1).
27
Let t(n) = 13*n - 9. Let s(l) = -2. Let p(k) = -6*s(k) + 2*t(k). Let m(q) = -2*q + 1. Let w(j) = 12*m(j) + p(j). Give w(9).
24
Let b(n) be the third derivative of 7*n**5/60 - n**3/6 + 2032*n**2. Let x = 4 + -1. Suppose -11 = g - 2*z, x*z - 20 = -z. Give b(g).
6
Let l(o) = -3*o. Let h(y) = 2*y + 1. Let k(b) = -6*h(b) - 5*l(b). Let n(v) = -v**2 - 17*v - 8. Let s be n(-16). Give k(s).
18
Let v(g) be the second derivative of g**4/12 + 5*g**3/3 + 5*g**2 - g - 201. Give v(-11).
21
Let q(r) = -r - 8. Let d be q(-15). Let y(i) = d*i**3 + 19 + 9*i + 2*i**2 - 6*i**3 - 10*i**2 - 26. Let j(o) = o. Let a be j(7). Give y(a).
7
Let p(f) = -4775*f**2 + 28 + 28*f + 9549*f**2 - 4773*f**2. Give p(-27).
1
Let p(g) = -g + 11. Let t be p(11). Let i be t/(-2) - 16/(5 - 9). Suppose 0 = z - i*j + 5, -4*z + 9*z + j - 17 = 0. Let x(r) = -2*r - 1. Calculate x(z).
-7
Let i(y) = -99*y - 4*y**2 - y**2 + 106*y - 17 + 6*y**2. Determine i(-8).
-9
Let t be 16/3 + (17 - 980/60). Let l(z) = z**3 - 7*z**2 - 4*z + 1. What is l(t)?
-59
Let d be 60/50 + (-4)/(-5). Let l(p) = 25*p**2 - 15 + 11 - 4*p - 28*p**d. Let g(r) = -r**3 - 2*r**2 + 3*r - 3. Let o be g(-3). What is l(o)?
-19
Suppose 113*t = 115*t - 4*o - 54, t + 3*o = -13. Let i(s) = -4*s + 72. Give i(t).
28
Let f be (30/(-10))/(-1 - -3 - (-21 + 22)). Let d(y) = -y**3 - 3*y**2 + 4*y. Determine d(f).
-12
Let n(z) = -2 + 3*z + 10*z - 15*z + 12. Give n(10).
-10
Let b(x) = 478*x + 386*x + 29 - 859*x. Calculate b(-10).
-21
Let i(q) be the third derivative of -1/6*q**4 + 0*q - 7/6*q**3 - 2*q**2 + 0 + 1/60*q**5. Let u(k) = 468*k**2 - 3280*k + 34. Let v be u(7). Calculate i(v).
5
Let i be ((-72)/45)/(4/(-10)). Let q be (27/6)/(2/i). Suppose -3 - 51 = q*b. Let n(g) = -g**2 - 4*g - 8. What is n(b)?
-20
Let d(t) be the first derivative of -t**4/4 - t**3/3 + t**2/2 - 4*t - 1. Suppose 0 = -2*s + 2, 4*x + 20*s = 21*s - 1. Calculate d(x).
-4
Let i(r) be the first derivative of -r**2/2 - 55. Let w(n) = n**3 - 7*n**2 + n + 3. Let o be w(7). Let b be ((-6)/(-5))/(3/o). Determine i(b).
-4
Let q(b) be the second derivative of 5/6*b**3 - 1/20*b**5 + b**2 + 1/4*b**4 + 54*b + 0. Determine q(4).
6
Let r(t) = t**2 - t - 12. Let s(j) = 2*j**2 - 21*j - 68. Let k(w) = 3*r(w) - s(w). Calculate k(-20).
72
Let u(l) = -4*l + 10. Let k(n) = 3*n - 8. Let z(j) = -5*k(j) - 4*u(j). Suppose s + 8 = 2*s. Suppose -2*x = -d + s, -3*d = 2*x + 2*x - 4. Calculate z(d).
4
Let z(d) = d**3 + 5*d**2 - 8*d + 5. Suppose 23*s - 20*s - 132 = 0. Let w = -10 + s. Suppose -4*x - 4 = 16, -w = 4*g + 2*x. Determine z(g).
17
Let h(a) = a**3 - a**2 - 3*a - 2. Suppose -78 = -5*u + 2. Let r(m) = -m**3 + 16*m**2 - 2*m + 30. Let b be r(u